mon factor of 137 and 2044314?
137
What is the highest common factor of 37334 and 66?
22
What is the highest common divisor of 19205 and 3507?
167
Calculate the greatest common divisor of 48 and 802416.
48
What is the highest common factor of 280 and 70630?
70
What is the highest common factor of 14192569 and 17?
17
What is the highest common divisor of 280 and 163016?
56
What is the greatest common factor of 12183 and 93?
93
What is the highest common factor of 771 and 1969134?
771
What is the greatest common divisor of 23 and 12979?
1
What is the highest common factor of 742 and 34552?
14
Calculate the highest common factor of 78184 and 232.
232
Calculate the greatest common divisor of 99 and 1452.
33
What is the highest common factor of 686 and 532?
14
What is the highest common factor of 121805 and 15?
5
Calculate the greatest common factor of 4964 and 3808.
68
Calculate the greatest common divisor of 48 and 106668.
12
Calculate the highest common factor of 5218 and 2.
2
What is the greatest common factor of 18871 and 4509?
167
Calculate the highest common factor of 78413 and 38.
19
Calculate the highest common divisor of 402 and 1436346.
402
What is the highest common factor of 160 and 1580?
20
Calculate the highest common divisor of 834 and 77145.
417
What is the greatest common divisor of 549 and 16409?
61
What is the highest common divisor of 70 and 33635?
35
What is the greatest common divisor of 117888 and 1728?
192
Calculate the greatest common factor of 220 and 1055780.
220
Calculate the greatest common factor of 57 and 7404.
3
What is the greatest common factor of 7225 and 18275?
425
What is the greatest common factor of 57733 and 156?
13
Calculate the greatest common divisor of 19554 and 20.
2
What is the highest common factor of 369 and 6381?
9
What is the greatest common divisor of 414942 and 1584?
66
What is the highest common factor of 29233882 and 274?
274
What is the greatest common factor of 34 and 85221?
17
Calculate the highest common divisor of 759711 and 219.
219
Calculate the highest common factor of 11866 and 259656.
698
Calculate the highest common divisor of 175 and 49.
7
What is the highest common factor of 174867 and 35?
7
Calculate the highest common factor of 2491 and 159.
53
Calculate the highest common factor of 9520 and 37910.
170
What is the highest common divisor of 36281 and 5467?
497
Calculate the greatest common factor of 69318 and 54.
18
What is the greatest common divisor of 344 and 44806?
86
What is the greatest common factor of 84862 and 12986?
302
What is the greatest common divisor of 4 and 155706?
2
What is the highest common divisor of 182400 and 285?
285
What is the greatest common factor of 327 and 19947?
327
What is the highest common factor of 265679 and 5608?
701
What is the greatest common divisor of 4776 and 65869?
199
Calculate the highest common divisor of 1 and 2111661.
1
What is the highest common factor of 2035 and 2479?
37
What is the highest common factor of 414 and 23022?
18
What is the greatest common divisor of 1416 and 1665924?
708
Calculate the greatest common factor of 434473 and 2717.
247
What is the highest common divisor of 7700 and 39620?
140
Calculate the greatest common factor of 14256 and 3840.
48
What is the greatest common factor of 235885 and 20?
5
Calculate the highest common factor of 893 and 361.
19
Calculate the highest common factor of 4 and 37702.
2
Calculate the greatest common divisor of 8964 and 9628.
332
Calculate the greatest common factor of 15 and 2367555.
15
Calculate the highest common divisor of 1326850 and 2380.
1190
Calculate the highest common factor of 30693 and 156.
39
Calculate the greatest common divisor of 78725 and 940.
235
What is the greatest common divisor of 275 and 3750?
25
Calculate the highest common factor of 450 and 3726.
18
Calculate the greatest common factor of 371 and 29736.
7
What is the greatest common factor of 1335046 and 61?
61
What is the greatest common divisor of 69 and 12305?
23
Calculate the highest common divisor of 1375 and 35.
5
What is the highest common factor of 1551636 and 324?
324
What is the highest common divisor of 394315 and 85?
85
What is the greatest common divisor of 120 and 249105?
15
Calculate the greatest common factor of 46 and 10886820.
46
What is the greatest common factor of 5620 and 1620?
20
Calculate the greatest common divisor of 800236 and 333.
37
Calculate the highest common divisor of 11536 and 86912.
112
What is the highest common factor of 1195 and 655?
5
What is the greatest common divisor of 280410 and 1560?
390
What is the greatest common factor of 1604972 and 8?
4
What is the greatest common factor of 37381 and 2?
1
What is the highest common factor of 284 and 8452?
4
What is the greatest common factor of 28 and 628712?
28
Calculate the greatest common factor of 2808 and 39300.
12
Calculate the highest common divisor of 574 and 82943.
287
Calculate the highest common factor of 6 and 4022.
2
Calculate the greatest common divisor of 1162 and 938.
14
What is the greatest common divisor of 2667793 and 1173?
391
Calculate the highest common divisor of 259 and 6068.
37
Calculate the highest common factor of 10602 and 2232.
558
Calculate the highest common divisor of 70675 and 175.
25
What is the highest common divisor of 10200 and 1050?
150
What is the highest common divisor of 1236 and 2631444?
1236
What is the greatest common divisor of 710216 and 104?
104
What is the highest common factor of 31752 and 6360?
24
Calculate the greatest common divisor of 234 and 348.
6
What is the highest common factor of 345 and 140139?
69
What is the greatest common factor of 154224 and 833?
119
Calculate the highest common divisor of 42 and 166134.
6
What is the greatest common divisor of 7038 and 12213?
207
What is the greatest common factor of 5644 and 81260?
68
Calculate the highest common divisor of 369600 and 10164.
924
What is the greatest common factor of 103622 and 526?
526
What is the greatest common divisor of 14973 and 231?
21
What is the greatest common divisor of 602676 and 180?
36
What is the greatest common factor of 880 and 20080?
80
What is the highest common divisor of 60 and 44604?
12
Calculate the highest common factor of 164865 and 11745.
435
What is the highest common factor of 94296 and 12?
12
What is the greatest common divisor of 133 and 3173?
19
What is the highest common divisor of 14484 and 5032?
68
What is the greatest common factor of 422653 and 242?
121
What is the greatest common factor of 3848 and 6253?
481
Calculate the greatest common factor of 10 and 48782.
2
Calculate the highest common factor of 1620 and 380.
20
What is the highest common divisor of 56 and 76292?
4
Calculate the highest common divisor of 326340 and 999.
333
What is the greatest common factor of 7102 and 1675?
67
Calculate the highest common factor of 37048 and 88.
88
What is the highest common factor of 2769 and 2088749?
923
Calculate the highest common divisor of 24 and 127548.
12
Calculate the greatest common divisor of 871 and 58960.
67
Calculate the greatest common factor of 3564228 and 12.
12
Calculate the greatest common factor of 670930 and 81385.
1985
What is the highest common factor of 8 and 781?
1
What is the greatest common factor of 5721 and 48?
3
Calculate the highest common factor of 1620 and 5835.
15
What is the greatest common factor of 33086 and 4194?
466
Calculate the greatest common factor of 1030878 and 18.
18
What is the highest common divisor of 2618 and 1278893?
1309
Calculate the greatest common divisor of 3552 and 320568.
888
Calculate the greatest common divisor of 147 and 22471008.
147
What is the highest common divisor of 4636264 and 8?
8
Calculate the highest common divisor of 1510 and 30610.
10
Calculate the greatest common divisor of 6256 and 5100.
68
Calculate the highest common divisor of 987 and 838151.
47
Calculate the highest common divisor of 19045 and 3445.
65
Calculate the greatest common divisor of 406680 and 120.
120
What is the greatest common divisor of 78 and 229372?
26
What is the greatest common factor of 39634 and 266?
266
Calculate the highest common factor of 11319731 and 41.
41
What is the highest common factor of 66 and 136862?
22
Calculate the h